the millions digit of 12715337?
2
What is the tens digit of 9393586?
8
What is the ten thousands digit of 322001?
2
What is the thousands digit of 87388?
7
What is the units digit of 1882224?
4
What is the hundreds digit of 2896355?
3
What is the hundreds digit of 728377?
3
What is the tens digit of 37845?
4
What is the thousands digit of 1379739?
9
What is the tens digit of 14657286?
8
What is the ten thousands digit of 194321?
9
What is the hundreds digit of 6605254?
2
What is the ten thousands digit of 48208?
4
What is the hundreds digit of 899175?
1
What is the units digit of 262969?
9
What is the hundred thousands digit of 2513282?
5
What is the units digit of 2096691?
1
What is the thousands digit of 520663?
0
What is the tens digit of 3789699?
9
What is the hundreds digit of 241191?
1
What is the tens digit of 46814?
1
What is the units digit of 2897019?
9
What is the units digit of 6621603?
3
What is the hundred thousands digit of 550740?
5
What is the thousands digit of 5922653?
2
What is the millions digit of 2400235?
2
What is the hundreds digit of 30196130?
1
What is the tens digit of 40126?
2
What is the thousands digit of 21119041?
9
What is the hundred thousands digit of 1833334?
8
What is the tens digit of 2630888?
8
What is the hundred thousands digit of 2234505?
2
What is the thousands digit of 431047?
1
What is the hundreds digit of 1272761?
7
What is the thousands digit of 316357?
6
What is the hundred thousands digit of 1258590?
2
What is the ten thousands digit of 6834492?
3
What is the units digit of 165046?
6
What is the hundred thousands digit of 276361?
2
What is the hundred thousands digit of 363593?
3
What is the tens digit of 1127008?
0
What is the thousands digit of 7839402?
9
What is the ten thousands digit of 17895141?
9
What is the hundred thousands digit of 686991?
6
What is the millions digit of 7475724?
7
What is the millions digit of 12797556?
2
What is the tens digit of 2172199?
9
What is the hundred thousands digit of 2653742?
6
What is the hundreds digit of 1614727?
7
What is the hundred thousands digit of 4549239?
5
What is the tens digit of 2540785?
8
What is the tens digit of 16282859?
5
What is the thousands digit of 308216?
8
What is the hundred thousands digit of 10364274?
3
What is the millions digit of 25198115?
5
What is the hundred thousands digit of 497605?
4
What is the hundreds digit of 1348018?
0
What is the thousands digit of 8124455?
4
What is the ten thousands digit of 7383549?
8
What is the thousands digit of 21834153?
4
What is the thousands digit of 2271377?
1
What is the thousands digit of 778726?
8
What is the hundreds digit of 6885632?
6
What is the units digit of 1843617?
7
What is the ten thousands digit of 523015?
2
What is the hundreds digit of 15962542?
5
What is the units digit of 660282?
2
What is the units digit of 318975?
5
What is the units digit of 809879?
9
What is the ten thousands digit of 1455208?
5
What is the ten thousands digit of 474122?
7
What is the ten thousands digit of 8959506?
5
What is the units digit of 72408?
8
What is the units digit of 464685?
5
What is the hundred thousands digit of 229076?
2
What is the thousands digit of 76376?
6
What is the tens digit of 282039?
3
What is the hundred thousands digit of 294479?
2
What is the thousands digit of 4718?
4
What is the thousands digit of 194007?
4
What is the hundreds digit of 128628?
6
What is the tens digit of 29190205?
0
What is the units digit of 60450?
0
What is the millions digit of 14731416?
4
What is the hundred thousands digit of 2318743?
3
What is the thousands digit of 602866?
2
What is the ten thousands digit of 19492660?
9
What is the hundreds digit of 455175?
1
What is the tens digit of 81285?
8
What is the ten thousands digit of 178370?
7
What is the tens digit of 406899?
9
What is the millions digit of 8654518?
8
What is the units digit of 383561?
1
What is the hundreds digit of 181491?
4
What is the hundreds digit of 2804134?
1
What is the tens digit of 235448?
4
What is the hundreds digit of 144090?
0
What is the thousands digit of 2211521?
1
What is the tens digit of 95704?
0
What is the hundreds digit of 1002562?
5
What is the ten millions digit of 25050755?
2
What is the tens digit of 229462?
6
What is the thousands digit of 3072763?
2
What is the tens digit of 1703105?
0
What is the units digit of 114895?
5
What is the units digit of 362371?
1
What is the tens digit of 2203351?
5
What is the thousands digit of 333461?
3
What is the tens digit of 316461?
6
What is the hundred thousands digit of 537778?
5
What is the units digit of 447947?
7
What is the units digit of 34923713?
3
What is the millions digit of 7436551?
7
What is the hundreds digit of 476277?
2
What is the hundreds digit of 701374?
3
What is the thousands digit of 773110?
3
What is the ten thousands digit of 877500?
7
What is the hundred thousands digit of 780203?
7
What is the ten thousands digit of 107575?
0
What is the ten millions digit of 11473620?
1
What is the hundred thousands digit of 4092187?
0
What is the hundred thousands digit of 2092557?
0
What is the hundred thousands digit of 432145?
4
What is the ten thousands digit of 10038?
1
What is the thousands digit of 629053?
9
What is the thousands digit of 9168?
9
What is the hundred thousands digit of 426773?
4
What is the hundreds digit of 150334?
3
What is the tens digit of 39606?
0
What is the units digit of 337337?
7
What is the hundred thousands digit of 2522296?
5
What is the hundreds digit of 280515?
5
What is the hundred thousands digit of 13853794?
8
What is the tens digit of 7028?
2
What is the millions digit of 5370371?
5
What is the thousands digit of 3766965?
6
What is the hundred thousands digit of 41083698?
0
What is the hundred thousands digit of 249816?
2
What is the hundred thousands digit of 499331?
4
What is the hundreds digit of 175481?
4
What is the tens digit of 106955?
5
What is the thousands digit of 599023?
9
What is the ten thousands digit of 1065732?
6
What is the hundred thousands digit of 1418643?
4
What is the hundred thousands digit of 360056?
3
What is the millions digit of 4772879?
4
What is the units digit of 906356?
6
What is the hundred thousands digit of 365219?
3
What is the units digit of 1143143?
3
What is the thousands digit of 1441574?
1
What is the thousands digit of 16043917?
3
What is the tens digit of 136423?
2
What is the tens digit of 2893869?
6
What is the hundreds digit of 7432588?
5
What is the thousands digit of 474677?
4
What is the ten thousands digit of 171097?
7
What is the ten thousands digit of 220244?
2
What is the hundred thousands digit of 393305?
3
What is the ten thousands digit of 800756?
0
What is the thousands digit of 1827296?
7
What is the hundreds digit of 150379?
3
What is the tens digit of 1219458?
5
What is the hundreds digit of 686313?
3
What is the units digit of 466270?
0
What is the hundreds digit of 75968?
9
What is the thousands digit of 351581?
1
What is the hundred thousands digit of 6462347?
4
What is the hundreds digit of 147456?
4
What is the hundred thousands digit of 26276016?
2
What is the units digit of 409635?
5
What is the ten thousands digit of 804146?
0
What is the hundred thousands digit of 2929680?
9
What is the tens digit of 633289?
8
What is the hundred thousands digit of 339899?
3
What is the units digit of 756409?
9
What is the hundred thousands digit of 791333?
7
What is the hundreds digit of 234845?
8
What is the tens digit of 4859955?
5
What is the ten thousands digit of 8726092?
2
What is the ten millions digit of 24659760?
2
What is the units digit of 217911?
1
What is the hundred thousands digit of 482605?
4
What is the hundreds digit of 3014822?
8
What is the units digit of 96418?
8
What is the tens digit of 63803?
0
What is the hundred thousands digit of 192645?
1
What is the tens digit of 178278?
7
What is the millions digit of 4136281?
4
What is the hundred thousands digit of 5930583?
9
What is the tens digit of 9141660?
6
What is the thousands digit of 164911?
4
What is the hundred thousands digit of 1233266?
2
What is the tens digit of 783995?
9
What is the hundred thousands digit of 266171?
2
What is the thousands digit of 11691105?
1
What is the 